{"id":456,"date":"2023-05-15T13:21:41","date_gmt":"2023-05-15T13:21:41","guid":{"rendered":"http:\/\/collaboration-for-future.com\/about\/"},"modified":"2024-04-15T16:44:24","modified_gmt":"2024-04-15T14:44:24","slug":"chi-siamo","status":"publish","type":"page","link":"http:\/\/collaboration-for-future.com\/index.php\/chi-siamo\/","title":{"rendered":"Chi Siamo"},"content":{"rendered":"\n<div class=\"wp-block-uagb-container uagb-block-87b7860a alignfull uagb-is-root-container\">\n<div class=\"wp-block-uagb-container uagb-block-ded5362d alignfull uagb-is-root-container\"><div class=\"uagb-container-inner-blocks-wrap\">\n<div class=\"wp-block-uagb-container uagb-block-36314920\">\n<div class=\"wp-block-uagb-advanced-heading uagb-block-e507353d\"><h6 class=\"uagb-heading-text\">Un diverso modo di utilizzare logiche e strumenti dell\u2019Executive Search<\/h6><\/div>\n\n\n\n<div class=\"wp-block-uagb-advanced-heading uagb-block-bbdc1009\"><div class=\"uagb-separator\"><\/div><\/div>\n\n\n\n<div class=\"wp-block-uagb-advanced-heading uagb-block-7ecd4dfe\"><h1 class=\"uagb-heading-text\">Chi Siamo<\/h1><\/div>\n<\/div>\n<\/div><\/div>\n<\/div>\n\n\n\n<div class=\"wp-block-uagb-container uagb-block-c74060e0 alignfull uagb-is-root-container\"><div class=\"uagb-container-inner-blocks-wrap\">\n<div class=\"wp-block-uagb-container uagb-block-ff83c823\">\n<p style=\"font-size:16px\"><strong>Collaboration for Future <\/strong>nasce per mettere a disposizione delle aziende un diverso modo di utilizzare logiche e strumenti dell\u2019Executive Search, applicandoli ai mondi della gestione aziendale e della consulenza strategica.<\/p>\n\n\n\n<p style=\"font-size:16px\">Attingiamo energia e complessit\u00e0 dal mondo esterno per alimentare e riempire di contenuti i <strong>vostri progetti.<\/strong><\/p>\n\n\n\n<p style=\"font-size:16px\">Per riuscire a fare questo bene, serve per\u00f2 una strumentazione adeguata, pensata per gestire nativamente situazioni complesse e non sempre note a priori. \u00c8 per questo che noi proponiamo una gamma di servizi complementari di alto profilo non reperibili altrove. Ed \u00e8 per questo che con il nostro rilevante <strong>potenziale<\/strong> di ricerca e le estese competenze delle nostre communities, siamo in grado di supportare qualunque percorso di cambiamento durante tutta la fase del progetto.<\/p>\n<\/div>\n\n\n\n<div class=\"wp-block-uagb-container uagb-block-891c39f6\">\n<div class=\"wp-block-uagb-image aligncenter uagb-block-020fc5b9 wp-block-uagb-image--layout-default wp-block-uagb-image--effect-static wp-block-uagb-image--align-center\"><figure class=\"wp-block-uagb-image__figure\"><img decoding=\"async\" srcset=\"http:\/\/collaboration-for-future.com\/wp-content\/uploads\/2024\/04\/chi-siamo.png ,http:\/\/collaboration-for-future.com\/wp-content\/uploads\/2024\/04\/chi-siamo.png 780w, http:\/\/collaboration-for-future.com\/wp-content\/uploads\/2024\/04\/chi-siamo.png 360w\" sizes=\"(max-width: 480px) 150px\" src=\"http:\/\/collaboration-for-future.com\/wp-content\/uploads\/2024\/04\/chi-siamo.png\" alt=\"\" class=\"uag-image-3166\" width=\"600\" height=\"450\" title=\"chi-siamo\" loading=\"lazy\" role=\"img\"\/><\/figure><\/div>\n<\/div>\n<\/div><\/div>\n\n\n\n<div class=\"wp-block-uagb-container uagb-block-7544e951 alignfull uagb-is-root-container\"><div class=\"uagb-container-inner-blocks-wrap\">\n<div class=\"wp-block-uagb-container about-img uag-hide-tab uag-hide-mob uagb-block-be60dc11 alignfull uagb-is-root-container\"><div class=\"uagb-container-inner-blocks-wrap\">\n<div class=\"wp-block-uagb-container uagb-block-282299e2\">\n<div class=\"wp-block-uagb-advanced-heading uagb-block-6a6367a8\"><h6 class=\"uagb-heading-text\">Cambiamo le logiche<\/h6><\/div>\n\n\n\n<div class=\"wp-block-uagb-advanced-heading uagb-block-36503b84\"><div class=\"uagb-separator\"><\/div><\/div>\n\n\n\n<div class=\"wp-block-uagb-advanced-heading uagb-block-42a0c5ff\"><h2 class=\"uagb-heading-text\">Collaborare &amp; Condividere<\/h2><\/div>\n<\/div>\n<\/div><\/div>\n<\/div><\/div>\n\n\n\n<div class=\"wp-block-uagb-container uagb-block-8550f531 alignfull uagb-is-root-container\"><div class=\"uagb-container-inner-blocks-wrap\">\n<div class=\"wp-block-uagb-container about-img uag-hide-desktop uagb-block-5377ea6b alignfull uagb-is-root-container\"><div class=\"uagb-container-inner-blocks-wrap\">\n<div class=\"wp-block-uagb-container uagb-block-a8c55a7c\">\n<div class=\"wp-block-uagb-advanced-heading uagb-block-edbea6a3\"><h6 class=\"uagb-heading-text\">Cambiamo le logiche<\/h6><\/div>\n\n\n\n<div class=\"wp-block-uagb-advanced-heading uagb-block-f716c397\"><div class=\"uagb-separator\"><\/div><\/div>\n\n\n\n<div class=\"wp-block-uagb-advanced-heading uagb-block-7769a04a\"><h2 class=\"uagb-heading-text\">Collaborare &amp; Condividere<\/h2><\/div>\n<\/div>\n<\/div><\/div>\n\n\n\n<div class=\"wp-block-uagb-container about-img uag-hide-desktop uagb-block-df0511d0 alignfull uagb-is-root-container\"><div class=\"uagb-container-inner-blocks-wrap\"><\/div><\/div>\n<\/div><\/div>\n\n\n\n<div class=\"wp-block-uagb-container uagb-block-66a36b04 alignfull uagb-is-root-container\"><div class=\"uagb-container-inner-blocks-wrap\">\n<div class=\"wp-block-uagb-container uagb-block-bbb11d71\">\n<p style=\"font-size:16px\">In futuro, le imprese di successo saranno senza dubbio quelle capaci di sperimentare rapidamente, frequentemente ed in modo economicamente sostenibile, non solo prodotti e servizi ma anche nuovi modelli di business, processi e strategie.<\/p>\n\n\n\n<p style=\"font-size:16px\">Sapere di avere teoricamente a disposizione in quei momenti, quando serve e solo per il tempo in cui serve, qualunque tipo di <strong>competenza<\/strong> (di alto profilo e aggiornata), proposta nella modalit\u00e0 pi\u00f9 adatta per essere appresa, utilizzata e migliorata, \u00e8 sicuramente un aiuto ad alto valore aggiunto che pu\u00f2 semplificare ogni tipo di percorso, rendendolo pi\u00f9 rapido e meno rischioso.<\/p>\n\n\n\n<p style=\"font-size:16px\">Con gli scenari tecnologici e geopolitici in rapida trasformazione, progettare il futuro non \u00e8 facile. E per riuscire a farlo al meglio, anche in condizioni di incertezza, serve un nuovo modo di leggere la realt\u00e0 che va di pari passo anche con la possibilit\u00e0 di accedere ad una strumentazione adeguata, progettata per effettuare interventi pi\u00f9 rapidi e mirati. Un processo costante e necessario per incorporare nuovi approcci, strategie e mercati in un modello di business in costante evoluzione. <\/p>\n\n\n\n<p style=\"font-size:16px\"><strong>Collaborare &amp; Condividere<\/strong> \u00e8 il nostro nuovo modo di leggere la realt\u00e0. Ed il suo primo effetto su di noi \u00e8 stato quello di spingerci a cambiare completamente tutta la nostra strumentazione. Andando oltre le teorie dell\u2019intelligenza collettiva e delle risorse condivise, abbiamo provato a trasformare \u201cConoscenze &amp; Competenze\u201d in tanti piccoli motori di cambiamento a cui abbiamo poi applicato funzionalit\u00e0 di carattere generale quali ad esempio: il reperimento, la condivisibilit\u00e0, il trasferimento, il miglioramento, la formazione (necessaria per il trasferimento) ed il change management (indispensabile per la loro introduzione nell\u2019organizzazione di arrivo).<\/p>\n\n\n\n<p style=\"font-size:16px\">Forti dell\u2019esperienza pregressa, abbiamo definito una nuova metodologia (<strong>Value Search Strategy<\/strong>) in grado di fornire un contributo originale e mirato ad ogni tipo di progetto. Ed a fianco delle strutture di ricerca standard, abbiamo posizionato un centro studi, attivato nuove communities e messo a disposizione una piattaforma digitale per supportare ed amplificare il lavoro di ogni singolo partecipante al team di progetto che, se ben organizzato e adeguatamente formato, \u00e8 il primo ed il pi\u00f9 importante elemento di trasformazione.<\/p>\n\n\n\n<p style=\"font-size:16px\">Ogni membro del <strong>team<\/strong> deve poter: immaginare, esplorare, comparare, costruire, migliorare ed integrare. Sia da solo che insieme agli altri componenti del gruppo. Ed \u00e8 per questo che abbiamo messo loro a disposizione tutta la nostra strumentazione e le nostre strutture. <strong>Collaboration for Future <\/strong>\u00e8 un\u2019esperienza nuova: \u00e8 un insieme di culture, di piattaforme e di communities che lavorando insieme, consentono ad ogni singola azienda di costruirsi in autonomia un proprio percorso di trasformazione e di cambiamento, diminuendo i rischi e tagliando tempi e costi.<\/p>\n<\/div>\n<\/div><\/div>\n\n\n\n<div class=\"wp-block-uagb-container uagb-block-600360b7 alignfull uagb-is-root-container\">\n<div class=\"wp-block-uagb-container uagb-block-a2224a78 alignfull uagb-is-root-container\"><div class=\"uagb-container-inner-blocks-wrap\">\n<div class=\"wp-block-uagb-container uagb-block-6d876ad9\">\n<div class=\"wp-block-uagb-advanced-heading uagb-block-532ce599\"><h6 class=\"uagb-heading-text\">Value Search Strategy<\/h6><\/div>\n\n\n\n<div class=\"wp-block-uagb-advanced-heading uagb-block-27e438ba\"><div class=\"uagb-separator\"><\/div><\/div>\n\n\n\n<div class=\"wp-block-uagb-advanced-heading uagb-block-56b2ecb1\"><h2 class=\"uagb-heading-text\">Le parole chiave del nostro team<\/h2><\/div>\n<\/div>\n\n\n\n<div class=\"wp-block-uagb-container uag-blocks-common-selector uagb-block-1b4eff17\">\n<div class=\"wp-block-uagb-faq uagb-faq__outer-wrap uagb-block-6a16e663 uagb-faq-icon-row uagb-faq-layout-accordion uagb-faq-expand-first-true uagb-faq-inactive-other-false uagb-faq__wrap uagb-buttons-layout-wrap uagb-faq-equal-height\" data-faqtoggle=\"true\" role=\"tablist\">\n<div class=\"wp-block-uagb-faq-child uagb-faq-child__outer-wrap uagb-faq-item uagb-block-8e14861a\" role=\"tab\" tabindex=\"0\"><div class=\"uagb-faq-questions-button uagb-faq-questions\"><span class=\"uagb-icon uagb-faq-icon-wrap\"><svg xmlns=\"https:\/\/www.w3.org\/2000\/svg\" viewBox=\"0 0 512 512\"><path d=\"M256 0C114.6 0 0 114.6 0 256c0 141.4 114.6 256 256 256s256-114.6 256-256C512 114.6 397.4 0 256 0zM358.6 278.6l-112 112c-12.5 12.5-32.75 12.5-45.25 0s-12.5-32.75 0-45.25L290.8 256L201.4 166.6c-12.5-12.5-12.5-32.75 0-45.25s32.75-12.5 45.25 0l112 112C364.9 239.6 368 247.8 368 256S364.9 272.4 358.6 278.6z\"><\/path><\/svg><\/span><span class=\"uagb-icon-active uagb-faq-icon-wrap\"><svg xmlns=\"https:\/\/www.w3.org\/2000\/svg\" viewBox=\"0 0 512 512\"><path d=\"M256 0C114.6 0 0 114.6 0 256c0 141.4 114.6 256 256 256s256-114.6 256-256C512 114.6 397.4 0 256 0zM406.6 278.6l-103.1 103.1c-12.5 12.5-32.75 12.5-45.25 0s-12.5-32.75 0-45.25L306.8 288H128C110.3 288 96 273.7 96 256s14.31-32 32-32h178.8l-49.38-49.38c-12.5-12.5-12.5-32.75 0-45.25s32.75-12.5 45.25 0l103.1 103.1C414.6 241.3 416 251.1 416 256C416 260.9 414.6 270.7 406.6 278.6z\"><\/path><\/svg><\/span><span class=\"uagb-question\">NUOVA METODOLOGIA<\/span><\/div><div class=\"uagb-faq-content\"><p>L\u2019utilizzo delle stesse tecniche di identificazione proprie dell\u2019executive search, guidate da una metodologia diversa, consente alle aziende di avere di volta in volta a disposizione conoscenze, competenze e strumenti necessari per la buona riuscita dei progetti \u00a0 ed utili\u00a0 per una loro semplice e rapida trasformazione in vere e proprie imprese adattive \u00a0<\/p><\/div><\/div>\n\n\n\n<div class=\"wp-block-uagb-faq-child uagb-faq-child__outer-wrap uagb-faq-item uagb-block-944e8984\" role=\"tab\" tabindex=\"0\"><div class=\"uagb-faq-questions-button uagb-faq-questions\"><span class=\"uagb-icon uagb-faq-icon-wrap\"><svg xmlns=\"https:\/\/www.w3.org\/2000\/svg\" viewBox=\"0 0 512 512\"><path d=\"M256 0C114.6 0 0 114.6 0 256c0 141.4 114.6 256 256 256s256-114.6 256-256C512 114.6 397.4 0 256 0zM358.6 278.6l-112 112c-12.5 12.5-32.75 12.5-45.25 0s-12.5-32.75 0-45.25L290.8 256L201.4 166.6c-12.5-12.5-12.5-32.75 0-45.25s32.75-12.5 45.25 0l112 112C364.9 239.6 368 247.8 368 256S364.9 272.4 358.6 278.6z\"><\/path><\/svg><\/span><span class=\"uagb-icon-active uagb-faq-icon-wrap\"><svg xmlns=\"https:\/\/www.w3.org\/2000\/svg\" viewBox=\"0 0 512 512\"><path d=\"M256 0C114.6 0 0 114.6 0 256c0 141.4 114.6 256 256 256s256-114.6 256-256C512 114.6 397.4 0 256 0zM406.6 278.6l-103.1 103.1c-12.5 12.5-32.75 12.5-45.25 0s-12.5-32.75 0-45.25L306.8 288H128C110.3 288 96 273.7 96 256s14.31-32 32-32h178.8l-49.38-49.38c-12.5-12.5-12.5-32.75 0-45.25s32.75-12.5 45.25 0l103.1 103.1C414.6 241.3 416 251.1 416 256C416 260.9 414.6 270.7 406.6 278.6z\"><\/path><\/svg><\/span><span class=\"uagb-question\">TEMPI RAPIDI<\/span><\/div><div class=\"uagb-faq-content\"><p>Negli ultimi anni, \u00e8 diventato fondamentale per le aziende, saper modificare in tempi rapidi processi e strutture a fronte dei segnali di cambiamento percepiti nel mondo esterno.<\/p><\/div><\/div>\n\n\n\n<div class=\"wp-block-uagb-faq-child uagb-faq-child__outer-wrap uagb-faq-item uagb-block-ae5d6cf4\" role=\"tab\" tabindex=\"0\"><div class=\"uagb-faq-questions-button uagb-faq-questions\"><span class=\"uagb-icon uagb-faq-icon-wrap\"><svg xmlns=\"https:\/\/www.w3.org\/2000\/svg\" viewBox=\"0 0 512 512\"><path d=\"M256 0C114.6 0 0 114.6 0 256c0 141.4 114.6 256 256 256s256-114.6 256-256C512 114.6 397.4 0 256 0zM358.6 278.6l-112 112c-12.5 12.5-32.75 12.5-45.25 0s-12.5-32.75 0-45.25L290.8 256L201.4 166.6c-12.5-12.5-12.5-32.75 0-45.25s32.75-12.5 45.25 0l112 112C364.9 239.6 368 247.8 368 256S364.9 272.4 358.6 278.6z\"><\/path><\/svg><\/span><span class=\"uagb-icon-active uagb-faq-icon-wrap\"><svg xmlns=\"https:\/\/www.w3.org\/2000\/svg\" viewBox=\"0 0 512 512\"><path d=\"M256 0C114.6 0 0 114.6 0 256c0 141.4 114.6 256 256 256s256-114.6 256-256C512 114.6 397.4 0 256 0zM406.6 278.6l-103.1 103.1c-12.5 12.5-32.75 12.5-45.25 0s-12.5-32.75 0-45.25L306.8 288H128C110.3 288 96 273.7 96 256s14.31-32 32-32h178.8l-49.38-49.38c-12.5-12.5-12.5-32.75 0-45.25s32.75-12.5 45.25 0l103.1 103.1C414.6 241.3 416 251.1 416 256C416 260.9 414.6 270.7 406.6 278.6z\"><\/path><\/svg><\/span><span class=\"uagb-question\">ADATTABILIT\u00c0<\/span><\/div><div class=\"uagb-faq-content\"><p>L\u2019adattabilit\u00e0 \u00e8 diventata indispensabile per rendere le aziende veloci nel leggere correttamente la realt\u00e0 esterna e veloci nel sapersi modificare rapidamente ed in modo coerente con i segnali percepiti.<\/p><\/div><\/div>\n<\/div>\n<\/div>\n<\/div><\/div>\n<\/div>\n\n\n\n<div class=\"wp-block-uagb-container uagb-block-d0290fb1 alignfull uagb-is-root-container\"><div class=\"uagb-container-inner-blocks-wrap\">\n<div class=\"wp-block-uagb-info-box uagb-block-43642cab uagb-infobox__content-wrap  uagb-infobox-icon-above-title uagb-infobox-image-valign-top\"><div class=\"uagb-ifb-content\"><div class=\"uagb-ifb-title-wrap\"><h2 class=\"uagb-ifb-title\">Collaboration for Future<\/h2><\/div><p class=\"uagb-ifb-desc\">Scopri in che modo possiamo aiutarti!<\/p><div class=\"uagb-ifb-button-wrapper wp-block-button\"><a href=\"https:\/\/collaboration-for-future.com\/index.php\/contatti\/\" class=\"uagb-infobox-cta-link wp-block-button__link\" target=\"_self\" rel=\"noopener noreferrer\" onclick=\"return true;\" alt=\"\"><span class=\"uagb-inline-editing\">CONTATTACI<\/span><\/a><\/div><\/div><\/div>\n<\/div><\/div>\n","protected":false},"excerpt":{"rendered":"<p>Un diverso modo di utilizzare logiche e strumenti dell\u2019Executive Search Chi Siamo Collaboration for Future nasce per mettere a disposizione delle aziende un diverso modo di utilizzare logiche e strumenti dell\u2019Executive Search, applicandoli ai mondi della gestione aziendale e della consulenza strategica. Attingiamo energia e complessit\u00e0 dal mondo esterno per alimentare e riempire di contenuti [&hellip;]<\/p>\n","protected":false},"author":1,"featured_media":0,"parent":0,"menu_order":0,"comment_status":"closed","ping_status":"closed","template":"","meta":{"_uag_custom_page_level_css":"","site-sidebar-layout":"default","site-content-layout":"page-builder","ast-site-content-layout":"full-width-container","site-content-style":"unboxed","site-sidebar-style":"unboxed","ast-global-header-display":"","ast-banner-title-visibility":"","ast-main-header-display":"","ast-hfb-above-header-display":"","ast-hfb-below-header-display":"","ast-hfb-mobile-header-display":"","site-post-title":"disabled","ast-breadcrumbs-content":"","ast-featured-img":"","footer-sml-layout":"","theme-transparent-header-meta":"","adv-header-id-meta":"","stick-header-meta":"","header-above-stick-meta":"","header-main-stick-meta":"","header-below-stick-meta":"","astra-migrate-meta-layouts":"set","ast-page-background-enabled":"default","ast-page-background-meta":{"desktop":{"background-color":"","background-image":"","background-repeat":"repeat","background-position":"center center","background-size":"auto","background-attachment":"scroll","background-type":"","background-media":"","overlay-type":"","overlay-color":"","overlay-gradient":""},"tablet":{"background-color":"","background-image":"","background-repeat":"repeat","background-position":"center center","background-size":"auto","background-attachment":"scroll","background-type":"","background-media":"","overlay-type":"","overlay-color":"","overlay-gradient":""},"mobile":{"background-color":"","background-image":"","background-repeat":"repeat","background-position":"center center","background-size":"auto","background-attachment":"scroll","background-type":"","background-media":"","overlay-type":"","overlay-color":"","overlay-gradient":""}},"ast-content-background-meta":{"desktop":{"background-color":"var(--ast-global-color-5)","background-image":"","background-repeat":"repeat","background-position":"center center","background-size":"auto","background-attachment":"scroll","background-type":"","background-media":"","overlay-type":"","overlay-color":"","overlay-gradient":""},"tablet":{"background-color":"var(--ast-global-color-5)","background-image":"","background-repeat":"repeat","background-position":"center center","background-size":"auto","background-attachment":"scroll","background-type":"","background-media":"","overlay-type":"","overlay-color":"","overlay-gradient":""},"mobile":{"background-color":"var(--ast-global-color-5)","background-image":"","background-repeat":"repeat","background-position":"center center","background-size":"auto","background-attachment":"scroll","background-type":"","background-media":"","overlay-type":"","overlay-color":"","overlay-gradient":""}},"footnotes":""},"uagb_featured_image_src":{"full":false,"thumbnail":false,"medium":false,"medium_large":false,"large":false,"1536x1536":false,"2048x2048":false},"uagb_author_info":{"display_name":"dona","author_link":"http:\/\/collaboration-for-future.com\/index.php\/author\/dona\/"},"uagb_comment_info":0,"uagb_excerpt":"Un diverso modo di utilizzare logiche e strumenti dell\u2019Executive Search Chi Siamo Collaboration for Future nasce per mettere a disposizione delle aziende un diverso modo di utilizzare logiche e strumenti dell\u2019Executive Search, applicandoli ai mondi della gestione aziendale e della consulenza strategica. Attingiamo energia e complessit\u00e0 dal mondo esterno per alimentare e riempire di contenuti&hellip;","_links":{"self":[{"href":"http:\/\/collaboration-for-future.com\/index.php\/wp-json\/wp\/v2\/pages\/456"}],"collection":[{"href":"http:\/\/collaboration-for-future.com\/index.php\/wp-json\/wp\/v2\/pages"}],"about":[{"href":"http:\/\/collaboration-for-future.com\/index.php\/wp-json\/wp\/v2\/types\/page"}],"author":[{"embeddable":true,"href":"http:\/\/collaboration-for-future.com\/index.php\/wp-json\/wp\/v2\/users\/1"}],"replies":[{"embeddable":true,"href":"http:\/\/collaboration-for-future.com\/index.php\/wp-json\/wp\/v2\/comments?post=456"}],"version-history":[{"count":165,"href":"http:\/\/collaboration-for-future.com\/index.php\/wp-json\/wp\/v2\/pages\/456\/revisions"}],"predecessor-version":[{"id":3189,"href":"http:\/\/collaboration-for-future.com\/index.php\/wp-json\/wp\/v2\/pages\/456\/revisions\/3189"}],"wp:attachment":[{"href":"http:\/\/collaboration-for-future.com\/index.php\/wp-json\/wp\/v2\/media?parent=456"}],"curies":[{"name":"wp","href":"https:\/\/api.w.org\/{rel}","templated":true}]}}